{"id":27,"date":"2025-09-21T23:31:59","date_gmt":"2025-09-21T21:31:59","guid":{"rendered":"https:\/\/www.repassageservice.fr\/?page_id=27"},"modified":"2026-04-01T20:53:53","modified_gmt":"2026-04-01T18:53:53","slug":"contact","status":"publish","type":"page","link":"https:\/\/www.repassageservice.fr\/?page_id=27","title":{"rendered":"Nos Tarifs"},"content":{"rendered":"\n<p>Voici la liste des tarifs appliqu\u00e9s \u00e0 partir du mois de : <strong>octobre 2025<\/strong><\/p>\n\n\n\n<figure class=\"wp-block-table\"><table class=\"has-fixed-layout\"><tbody><tr><td><strong>Nos prestations pour <mark style=\"background-color:rgba(0, 0, 0, 0)\" class=\"has-inline-color has-accent-color\">Linge au KG<\/mark><\/strong><\/td><td><strong>Nos Tarifs<\/strong> <strong>TTC <\/strong><br>(\u00e0 partir de)<\/td><\/tr><tr><td>Repassage<\/td><td>10,00 \u20ac<\/td><\/tr><tr><td>Lavage et repassage<\/td><td>14,50 \u20ac<\/td><\/tr><tr><td>Lavage et pliage sans repassage<\/td><td>10,00 \u20ac<\/td><\/tr><tr><td>Suppl\u00e9ment par chemise<\/td><td>1,50 \u20ac<\/td><\/tr><tr><td>Suppl\u00e9ment par chemisier<\/td><td>2,00 \u20ac<\/td><\/tr><tr><td>Suppl\u00e9ment article Lin et Soie<\/td><td>4,00 \u20ac<\/td><\/tr><\/tbody><\/table><\/figure>\n\n\n\n<figure class=\"wp-block-table\"><table class=\"has-fixed-layout\"><tbody><tr><td><strong>Nos prestations<\/strong> <strong>pour <mark style=\"background-color:rgba(0, 0, 0, 0)\" class=\"has-inline-color has-accent-color\">pressing<\/mark><\/strong><\/td><td><strong>Nos Tarifs TTC<\/strong><br>(\u00e0 partir de)<\/td><\/tr><tr><td>Pantalon<\/td><td>8,00 \u20ac<\/td><\/tr><tr><td>Veste<\/td><td>9,50 \u20ac<\/td><\/tr><tr><td>Gilet<\/td><td>7,40 \u20ac<\/td><\/tr><tr><td>Cravate Soie<\/td><td>6,80 \u20ac<\/td><\/tr><tr><td>Chemise sur cintre<\/td><td>4,60 \u20ac<\/td><\/tr><tr><td>Chemisier<\/td><td>5,80 \u20ac<\/td><\/tr><tr><td>Chemisier Lin\/Soie<\/td><td>11,50 \u20ac<\/td><\/tr><tr><td>Manteau<\/td><td>17,30 \u20ac<\/td><\/tr><tr><td>Blouson<\/td><td>11,60 \u20ac<\/td><\/tr><tr><td>Jupe simple<\/td><td>7,60 \u20ac<\/td><\/tr><tr><td>Robe simple<\/td><td>12,00 \u20ac<\/td><\/tr><tr><td>Robe Lin ou Soie<\/td><td>22,00 \u20ac<\/td><\/tr><tr><td>Robe soir\u00e9e\/cocktail<\/td><td>28,00 \u20ac<\/td><\/tr><tr><td>Foulard Soie<\/td><td>13,00 \u20ac<\/td><\/tr><tr><td>Polo<\/td><td>6,10 \u20ac<\/td><\/tr><tr><td>Pull<\/td><td>7,20 \u20ac<\/td><\/tr><tr><td>Parka-Imperm\u00e9able<\/td><td>18,00 \u20ac<\/td><\/tr><tr><td>Doudoune synth\u00e9tique<\/td><td>20,00 \u20ac<\/td><\/tr><tr><td>Doudoune plumes<\/td><td>28,00 \u20ac<\/td><\/tr><tr><td>Bermuda<\/td><td>6,00 \u20ac<\/td><\/tr><tr><td>Pantalon Ski<\/td><td>17,00 \u20ac<\/td><\/tr><tr><td>Anorack Ski<\/td><td>22,50 \u20ac<\/td><\/tr><tr><td>Robe de mari\u00e9e<\/td><td>90,00 \u20ac<\/td><\/tr><\/tbody><\/table><\/figure>\n\n\n\n<figure class=\"wp-block-table\"><table class=\"has-fixed-layout\"><tbody><tr><td><strong>Nos prestations pour <mark style=\"background-color:rgba(0, 0, 0, 0)\" class=\"has-inline-color has-accent-color\">Blanchisserie<\/mark><\/strong><\/td><td><strong>Nos Tarifs<\/strong> <strong>TTC <\/strong><br>(\u00e0 partir de)<\/td><\/tr><tr><td>Drap<\/td><td>7,90 \u20ac<\/td><\/tr><tr><td>Drap Housse<\/td><td>6,90 \u20ac<\/td><\/tr><tr><td>Housse de couette<\/td><td>13,20 \u20ac<\/td><\/tr><tr><td>Al\u00e8se<\/td><td>11,00 \u20ac<\/td><\/tr><tr><td>Taie<\/td><td>3,90 \u20ac<\/td><\/tr><tr><td>Nappe simple jusqu&#8217;\u00e0 10 personne<\/td><td>24,00 \u20ac<\/td><\/tr><\/tbody><\/table><\/figure>\n\n\n\n<figure class=\"wp-block-table\"><table class=\"has-fixed-layout\"><tbody><tr><td class=\"has-text-align-left\" data-align=\"left\"><strong>Nos prestations pour <mark style=\"background-color:rgba(0, 0, 0, 0)\" class=\"has-inline-color has-accent-color\">Couettes et Ameublement<\/mark> <\/strong><\/td><td><strong>Nos Tarifs<\/strong> <strong>TTC<\/strong><br>(\u00e0 partir de)<\/td><\/tr><tr><td class=\"has-text-align-left\" data-align=\"left\">Couette synth\u00e9tique<\/td><td>26,00 \u20ac<\/td><\/tr><tr><td class=\"has-text-align-left\" data-align=\"left\">Couette plumes<\/td><td>42,00 \u20ac<\/td><\/tr><tr><td class=\"has-text-align-left\" data-align=\"left\">Couverture synth\u00e9tique<\/td><td>19,00 \u20ac<\/td><\/tr><tr><td class=\"has-text-align-left\" data-align=\"left\">Dessus de lit<\/td><td>26,50 \u20ac<\/td><\/tr><tr><td class=\"has-text-align-left\" data-align=\"left\">Plaid<\/td><td>17,00 \u20ac<\/td><\/tr><tr><td class=\"has-text-align-left\" data-align=\"left\">Housse de canap\u00e9<\/td><td>45,00 \u20ac<\/td><\/tr><tr><td class=\"has-text-align-left\" data-align=\"left\">Oreiller synth\u00e9tique<\/td><td>14,50 \u20ac<\/td><\/tr><tr><td class=\"has-text-align-left\" data-align=\"left\">Oreiller plumes<\/td><td>28,00 \u20ac<\/td><\/tr><tr><td class=\"has-text-align-left\" data-align=\"left\">Voilage<\/td><td>12,00 \u20ac<\/td><\/tr><tr><td class=\"has-text-align-left\" data-align=\"left\">Rideau simple par panneau<\/td><td>28,00 \u20ac<\/td><\/tr><tr><td class=\"has-text-align-left\" data-align=\"left\">Tapis au M\u00b2<\/td><td>24,00 \u20ac<\/td><\/tr><\/tbody><\/table><\/figure>\n","protected":false},"excerpt":{"rendered":"<p>Voici la liste des tarifs appliqu\u00e9s \u00e0 partir du mois de : octobre 2025 Nos prestations pour Linge au KG Nos Tarifs TTC (\u00e0 partir de) Repassage 10,00 \u20ac Lavage et repassage 14,50 \u20ac Lavage et pliage sans repassage 10,00 \u20ac Suppl\u00e9ment par chemise 1,50 \u20ac Suppl\u00e9ment par chemisier 2,00 \u20ac Suppl\u00e9ment article Lin et [&hellip;]<\/p>\n","protected":false},"author":1,"featured_media":0,"parent":0,"menu_order":0,"comment_status":"closed","ping_status":"closed","template":"","meta":{"footnotes":""},"class_list":["post-27","page","type-page","status-publish","hentry"],"yoast_head":"<!-- This site is optimized with the Yoast SEO plugin v27.5 - https:\/\/yoast.com\/product\/yoast-seo-wordpress\/ -->\n<title>Nos Tarifs - Repassage Service<\/title>\n<meta name=\"robots\" content=\"index, follow, max-snippet:-1, max-image-preview:large, max-video-preview:-1\" \/>\n<link rel=\"canonical\" href=\"https:\/\/www.repassageservice.fr\/?page_id=27\" \/>\n<meta property=\"og:locale\" content=\"fr_FR\" \/>\n<meta property=\"og:type\" content=\"article\" \/>\n<meta property=\"og:title\" content=\"Nos Tarifs - Repassage Service\" \/>\n<meta property=\"og:description\" content=\"Voici la liste des tarifs appliqu\u00e9s \u00e0 partir du mois de : octobre 2025 Nos prestations pour Linge au KG Nos Tarifs TTC (\u00e0 partir de) Repassage 10,00 \u20ac Lavage et repassage 14,50 \u20ac Lavage et pliage sans repassage 10,00 \u20ac Suppl\u00e9ment par chemise 1,50 \u20ac Suppl\u00e9ment par chemisier 2,00 \u20ac Suppl\u00e9ment article Lin et [&hellip;]\" \/>\n<meta property=\"og:url\" content=\"https:\/\/www.repassageservice.fr\/?page_id=27\" \/>\n<meta property=\"og:site_name\" content=\"Repassage Service\" \/>\n<meta property=\"article:modified_time\" content=\"2026-04-01T18:53:53+00:00\" \/>\n<meta name=\"twitter:card\" content=\"summary_large_image\" \/>\n<meta name=\"twitter:label1\" content=\"Dur\u00e9e de lecture estim\u00e9e\" \/>\n\t<meta name=\"twitter:data1\" content=\"2 minutes\" \/>\n<script type=\"application\/ld+json\" class=\"yoast-schema-graph\">{\"@context\":\"https:\\\/\\\/schema.org\",\"@graph\":[{\"@type\":\"WebPage\",\"@id\":\"https:\\\/\\\/www.repassageservice.fr\\\/?page_id=27\",\"url\":\"https:\\\/\\\/www.repassageservice.fr\\\/?page_id=27\",\"name\":\"Nos Tarifs - Repassage Service\",\"isPartOf\":{\"@id\":\"https:\\\/\\\/www.repassageservice.fr\\\/#website\"},\"datePublished\":\"2025-09-21T21:31:59+00:00\",\"dateModified\":\"2026-04-01T18:53:53+00:00\",\"breadcrumb\":{\"@id\":\"https:\\\/\\\/www.repassageservice.fr\\\/?page_id=27#breadcrumb\"},\"inLanguage\":\"fr-FR\",\"potentialAction\":[{\"@type\":\"ReadAction\",\"target\":[\"https:\\\/\\\/www.repassageservice.fr\\\/?page_id=27\"]}]},{\"@type\":\"BreadcrumbList\",\"@id\":\"https:\\\/\\\/www.repassageservice.fr\\\/?page_id=27#breadcrumb\",\"itemListElement\":[{\"@type\":\"ListItem\",\"position\":1,\"name\":\"Accueil\",\"item\":\"https:\\\/\\\/www.repassageservice.fr\\\/\"},{\"@type\":\"ListItem\",\"position\":2,\"name\":\"Nos Tarifs\"}]},{\"@type\":\"WebSite\",\"@id\":\"https:\\\/\\\/www.repassageservice.fr\\\/#website\",\"url\":\"https:\\\/\\\/www.repassageservice.fr\\\/\",\"name\":\"Repassage Service\",\"description\":\"\",\"publisher\":{\"@id\":\"https:\\\/\\\/www.repassageservice.fr\\\/#organization\"},\"potentialAction\":[{\"@type\":\"SearchAction\",\"target\":{\"@type\":\"EntryPoint\",\"urlTemplate\":\"https:\\\/\\\/www.repassageservice.fr\\\/?s={search_term_string}\"},\"query-input\":{\"@type\":\"PropertyValueSpecification\",\"valueRequired\":true,\"valueName\":\"search_term_string\"}}],\"inLanguage\":\"fr-FR\"},{\"@type\":\"Organization\",\"@id\":\"https:\\\/\\\/www.repassageservice.fr\\\/#organization\",\"name\":\"Repassage Service\",\"url\":\"https:\\\/\\\/www.repassageservice.fr\\\/\",\"logo\":{\"@type\":\"ImageObject\",\"inLanguage\":\"fr-FR\",\"@id\":\"https:\\\/\\\/www.repassageservice.fr\\\/#\\\/schema\\\/logo\\\/image\\\/\",\"url\":\"https:\\\/\\\/www.repassageservice.fr\\\/wp-content\\\/uploads\\\/2025\\\/10\\\/LARS.png\",\"contentUrl\":\"https:\\\/\\\/www.repassageservice.fr\\\/wp-content\\\/uploads\\\/2025\\\/10\\\/LARS.png\",\"width\":900,\"height\":325,\"caption\":\"Repassage Service\"},\"image\":{\"@id\":\"https:\\\/\\\/www.repassageservice.fr\\\/#\\\/schema\\\/logo\\\/image\\\/\"}}]}<\/script>\n<!-- \/ Yoast SEO plugin. -->","yoast_head_json":{"title":"Nos Tarifs - Repassage Service","robots":{"index":"index","follow":"follow","max-snippet":"max-snippet:-1","max-image-preview":"max-image-preview:large","max-video-preview":"max-video-preview:-1"},"canonical":"https:\/\/www.repassageservice.fr\/?page_id=27","og_locale":"fr_FR","og_type":"article","og_title":"Nos Tarifs - Repassage Service","og_description":"Voici la liste des tarifs appliqu\u00e9s \u00e0 partir du mois de : octobre 2025 Nos prestations pour Linge au KG Nos Tarifs TTC (\u00e0 partir de) Repassage 10,00 \u20ac Lavage et repassage 14,50 \u20ac Lavage et pliage sans repassage 10,00 \u20ac Suppl\u00e9ment par chemise 1,50 \u20ac Suppl\u00e9ment par chemisier 2,00 \u20ac Suppl\u00e9ment article Lin et [&hellip;]","og_url":"https:\/\/www.repassageservice.fr\/?page_id=27","og_site_name":"Repassage Service","article_modified_time":"2026-04-01T18:53:53+00:00","twitter_card":"summary_large_image","twitter_misc":{"Dur\u00e9e de lecture estim\u00e9e":"2 minutes"},"schema":{"@context":"https:\/\/schema.org","@graph":[{"@type":"WebPage","@id":"https:\/\/www.repassageservice.fr\/?page_id=27","url":"https:\/\/www.repassageservice.fr\/?page_id=27","name":"Nos Tarifs - Repassage Service","isPartOf":{"@id":"https:\/\/www.repassageservice.fr\/#website"},"datePublished":"2025-09-21T21:31:59+00:00","dateModified":"2026-04-01T18:53:53+00:00","breadcrumb":{"@id":"https:\/\/www.repassageservice.fr\/?page_id=27#breadcrumb"},"inLanguage":"fr-FR","potentialAction":[{"@type":"ReadAction","target":["https:\/\/www.repassageservice.fr\/?page_id=27"]}]},{"@type":"BreadcrumbList","@id":"https:\/\/www.repassageservice.fr\/?page_id=27#breadcrumb","itemListElement":[{"@type":"ListItem","position":1,"name":"Accueil","item":"https:\/\/www.repassageservice.fr\/"},{"@type":"ListItem","position":2,"name":"Nos Tarifs"}]},{"@type":"WebSite","@id":"https:\/\/www.repassageservice.fr\/#website","url":"https:\/\/www.repassageservice.fr\/","name":"Repassage Service","description":"","publisher":{"@id":"https:\/\/www.repassageservice.fr\/#organization"},"potentialAction":[{"@type":"SearchAction","target":{"@type":"EntryPoint","urlTemplate":"https:\/\/www.repassageservice.fr\/?s={search_term_string}"},"query-input":{"@type":"PropertyValueSpecification","valueRequired":true,"valueName":"search_term_string"}}],"inLanguage":"fr-FR"},{"@type":"Organization","@id":"https:\/\/www.repassageservice.fr\/#organization","name":"Repassage Service","url":"https:\/\/www.repassageservice.fr\/","logo":{"@type":"ImageObject","inLanguage":"fr-FR","@id":"https:\/\/www.repassageservice.fr\/#\/schema\/logo\/image\/","url":"https:\/\/www.repassageservice.fr\/wp-content\/uploads\/2025\/10\/LARS.png","contentUrl":"https:\/\/www.repassageservice.fr\/wp-content\/uploads\/2025\/10\/LARS.png","width":900,"height":325,"caption":"Repassage Service"},"image":{"@id":"https:\/\/www.repassageservice.fr\/#\/schema\/logo\/image\/"}}]}},"_links":{"self":[{"href":"https:\/\/www.repassageservice.fr\/index.php?rest_route=\/wp\/v2\/pages\/27","targetHints":{"allow":["GET"]}}],"collection":[{"href":"https:\/\/www.repassageservice.fr\/index.php?rest_route=\/wp\/v2\/pages"}],"about":[{"href":"https:\/\/www.repassageservice.fr\/index.php?rest_route=\/wp\/v2\/types\/page"}],"author":[{"embeddable":true,"href":"https:\/\/www.repassageservice.fr\/index.php?rest_route=\/wp\/v2\/users\/1"}],"replies":[{"embeddable":true,"href":"https:\/\/www.repassageservice.fr\/index.php?rest_route=%2Fwp%2Fv2%2Fcomments&post=27"}],"version-history":[{"count":1,"href":"https:\/\/www.repassageservice.fr\/index.php?rest_route=\/wp\/v2\/pages\/27\/revisions"}],"predecessor-version":[{"id":17479,"href":"https:\/\/www.repassageservice.fr\/index.php?rest_route=\/wp\/v2\/pages\/27\/revisions\/17479"}],"wp:attachment":[{"href":"https:\/\/www.repassageservice.fr\/index.php?rest_route=%2Fwp%2Fv2%2Fmedia&parent=27"}],"curies":[{"name":"wp","href":"https:\/\/api.w.org\/{rel}","templated":true}]}}